et t be (2/(-3))/(v/18). Suppose 0 = -461*i + 473*i - 360. What is the highest common divisor of i and t?
3
Suppose 31 + 29 = 12*p. What is the highest common factor of p and 4?
1
Let d = 79 - 49. Let j = -407 - -437. Calculate the greatest common factor of j and d.
30
Suppose 5*g + 3*i - 3786 = 0, -i = 3*i - 8. Let a be (-2)/5 - g/(-90). What is the greatest common divisor of a and 8?
8
Let g be (90/(-63))/((-1)/14). Suppose -8*k + 153 + 327 = 0. Calculate the greatest common factor of g and k.
20
Suppose 0*m - 20 = -5*m. Let b be (-560)/24*(-30)/m + 0. What is the highest common factor of b and 25?
25
Suppose -4*s - 5 + 33 = 0. Let y be (-15)/(-10)*(-10)/(-3). Suppose -y*a = -12*a + 441. What is the highest common factor of a and s?
7
Let n be 15/2*4/3. Suppose 5*b - n = 15. What is the highest common divisor of 1 and b?
1
Suppose -13944 = 5*a + 9*a. Let g be (-4)/(-42) + a/(-126). Calculate the greatest common divisor of g and 1.
1
Suppose 15 = a - 27. Let u = a + -36. Calculate the greatest common factor of u and 15.
3
Suppose -41*z - 144 = -50*z. Calculate the greatest common divisor of 1144 and z.
8
Let c(y) = -46*y - 713. Let m be c(-16). What is the highest common divisor of 138 and m?
23
Let a(i) = i**3 + 7*i**2 + 2*i - 8. Let z be a(-5). What is the greatest common divisor of 1 and z?
1
Let k = 360 + -335. What is the greatest common divisor of k and 15?
5
Let q = 57 + -41. Let n = 20 - q. Suppose -5*z - 2*a + 3*a = -504, -n*a = -2*z + 216. What is the greatest common factor of z and 25?
25
Suppose -21 = 15*x + 9. Let y be 52*(17/4 + x). Let a(k) = -5*k - 2. Let d be a(-3). What is the highest common divisor of d and y?
13
Let x = -13 - -12. Let k(n) = 22*n**2 + n. Let r be k(x). Let m = r + -9. Calculate the greatest common divisor of 36 and m.
12
Let f be (-2)/5 - 75405/(-75) - 3. Calculate the greatest common factor of f and 6.
6
Let v be -5*(12/(-20) + 4/(-10)). Suppose v*z - 3*j = j + 150, -25 = 5*j. What is the greatest common divisor of 286 and z?
26
Let p = -22 + 10. Let x be ((-3)/(-2))/(6 + 54/p). Calculate the highest common divisor of x and 11.
1
Let j(d) = -5*d + 2. Let z be j(2). Let y(p) = -p - 4. Let b be y(z). Suppose -6*u + b*u + 36 = 0. What is the highest common divisor of u and 12?
6
Suppose 10*s - 7*s + 5*g - 1694 = 0, 2*s = 5*g + 1146. Calculate the greatest common factor of 8 and s.
8
Let x = -584 + 635. What is the greatest common factor of x and 1683?
51
Let p(o) = -3*o - 2. Let v be p(-2). Suppose 0 = -v*r - r + 175. Suppose -2*m + 2 = -12. Calculate the highest common factor of m and r.
7
Let x = -6 + 17. Suppose 5*d = 5*a + 20, -3*a + 4*a - 3*d + 12 = 0. Suppose a = -2*c - 5*c + 154. What is the greatest common divisor of x and c?
11
Suppose -6 = -f - 2*v + 5, -5*v = f - 23. Suppose f*n + 4*w - 149 = 0, 2*w = -3*n + 8*n - 257. Calculate the highest common divisor of n and 17.
17
Suppose -2*c = 2*i - 12, -5*c + 4*c = 3*i. Suppose 0 = 2*w - 5*w. Suppose w = s + 4*r - 56, 5*r - 10 = -30. What is the greatest common divisor of c and s?
9
Suppose -4*r + 4*t = -284, 5*r - t - 2*t - 357 = 0. Suppose 0 = -2*m - 5*m + 252. Calculate the greatest common divisor of m and r.
36
Let m = -965 + 1233. What is the greatest common divisor of m and 201?
67
Suppose -3*y = -2*c - c + 24, -4*y - 2 = 2*c. Let i(v) = 4*v**2 - 9*v + 17. Let p be i(c). What is the greatest common factor of 54 and p?
18
Suppose 2*w - 18 = -r, 0 = 3*r - 10*w + 8*w - 14. Calculate the highest common divisor of 108 and r.
4
Let f(o) = -o**2 + 21*o - 50. Let w be f(16). Suppose -2*n = -5*n + 30. Let h = n + w. What is the greatest common factor of h and 8?
8
Let a = -6536 - -6564. Let j = -161 + 385. What is the highest common divisor of a and j?
28
Let v(i) = -i + 9. Suppose -6 - 3 = -s. Let n be v(s). Suppose 4*j - 19 - 33 = n. What is the highest common factor of 104 and j?
13
Let z(p) be the first derivative of -p**4/4 + 11*p**3/3 + 6*p**2 + 5*p - 9. Let s be z(12). What is the highest common factor of s and 10?
5
Let v(q) = 114*q - 390. Let d be v(5). What is the highest common factor of d and 1530?
90
Let s(p) = -p**3 + 15*p + 12. Let f be s(-4). Calculate the greatest common factor of 4 and f.
4
Suppose -4*i + 5*w - 139 = 0, -145 = 4*i + 4*w - 3*w. Let j be (-50)/(-3) + 24/i. Calculate the greatest common divisor of 16 and j.
16
Suppose -r - 3 = -5. Suppose 0 = -r*l - 3*g + 50 + 6, -5*l - 2*g = -118. Calculate the highest common divisor of l and 88.
22
Let u be (-6 + -28 + -6)/(-1). Calculate the highest common divisor of u and 24.
8
Suppose 0 = 25*n - 29*n + 4. Calculate the highest common factor of 13 and n.
1
Suppose 4*f + 8 = 4*z, 3*z = -3*f - 0*z + 18. Let b be -1*2/(0 + f). Let y be (-2 - -10)*(b + 2). What is the highest common factor of y and 4?
4
Let l(q) = -2*q + 63. Let n be l(26). What is the greatest common divisor of n and 341?
11
Let q(t) = -23*t. Let w be q(1). Let k = -15 - w. Let y be 3/6 - (-31)/2. Calculate the highest common divisor of k and y.
8
Let m be -65*(-1 + 1 - 2). Suppose q = 3*q - m. Calculate the greatest common factor of q and 13.
13
Let m(g) = -16*g - 16*g + 9*g - 3. Let p be m(-1). Suppose 0*l + p = 2*l. What is the greatest common divisor of l and 110?
10
Suppose -863*b + 63525 = -830*b. Calculate the highest common factor of 35 and b.
35
Let o = -16 + 28. What is the greatest common factor of 732 and o?
12
Let v be (4 - (-54)/(-12))/(-1)*2. What is the highest common factor of 64 and v?
1
Let p(o) = -o**3 - o**2 + 3*o + 8. Let i(q) = -q + 2. Let g be i(6). Let x be p(g). Calculate the highest common factor of x and 4.
4
Let k(l) = 31*l**2 + 11*l - 5. Let r be k(7). Calculate the greatest common divisor of 37 and r.
37
Suppose -30*m = -8*m + 110 - 176. Let t be 43/3 + (-2)/(-3). What is the highest common factor of t and m?
3
Let a(l) = 6*l**2 - 75*l - 34. Let b be a(13). Let s = -66 + 106. Calculate the highest common factor of s and b.
5
Let l = -662 + 832. What is the highest common divisor of l and 40?
10
Let z be -19 - -21 - (-2 - -1 - 4). Suppose p + z = 15. What is the highest common divisor of 2 and p?
2
Suppose -2*v + 262 = 2*y, -2*v + 2 + 2 = 0. What is the highest common factor of y and 43?
43
Suppose 0 = -2*p - 2*x + 236, -8*x + 234 = 2*p - 5*x. Let a = p - -12. Calculate the highest common factor of 88 and a.
44
Let l(a) = -a**3 - 4*a**2 + 3*a - 9. Let y be l(-5). Let r be (35*1 - y)/(-5 - -7). What is the greatest common divisor of 17 and r?
17
Let q = -119 + 148. Let u(p) = -p**3 + 31*p**2 - 59*p + 57. Let t be u(q). Let d = 10 + 4. What is the highest common factor of t and d?
14
Suppose -46*d + 370 = -36*d. Calculate the greatest common factor of 3 and d.
1
Suppose 2*t - 4*t - 10 = 0. Let j = t - -8. Suppose l - 3*g = 25, -j*g - 20 - 25 = -3*l. Calculate the highest common divisor of 40 and l.
10
Let c = 91 + -78. Calculate the greatest common factor of c and 1.
1
Suppose 0 = -3*k + 4*n + 283, -3*n + 5*n - 313 = -3*k. Calculate the highest common divisor of 1313 and k.
101
Suppose -5*b = 3*a - 0*b - 415, 699 = 5*a + b. Let m be (-1 - 12) + 13857/596 - (-2)/(-8). What is the greatest common divisor of m and a?
10
Let p be (-273)/(-6) + (-2)/4. Let l(i) = i**3 + i**2 + 2*i + 5. Let o be l(3). Let k = -29 + o. Calculate the greatest common divisor of p and k.
9
Suppose -2*n + 0*n = -44. Let o(x) = 16*x - 94. Let k be o(6). What is the greatest common factor of n and k?
2
Let o(u) = u**2 + 22*u + 42. Let w be o(0). What is the greatest common factor of 21 and w?
21
Let i = -9 + 32. Let c = 32 - i. Let a = -6 - -15. What is the greatest common divisor of a and c?
9
Suppose -24*q + 100 = -20*q. Calculate the highest common divisor of q and 255.
5
Suppose -p + c + 342 = 0, 3*c + 2*c - 1680 = -5*p. Let w = p + -141. Calculate the greatest common divisor of 18 and w.
18
Let x(c) = 59*c - 67. Let k(g) = 29*g - 34. Let q(a) = -11*k(a) + 6*x(a). Let u be q(8). What is the greatest common divisor of u and 28?
28
Let b be (-3)/(-9)*-1 + (-894)/(-9). What is the highest common divisor of 9 and b?
9
Suppose 70 = -0*t + 5*t. Suppose x = -4*d - x + 234, 0 = -2*x + 10. What is the highest common factor of d and t?
14
Suppose -4*n = -x + 78, -3*n = x - 23 - 27. Suppose 2*m - 2*l = 4*m - x, -2*l + 32 = m. Ca